{"id":12624,"date":"2017-10-21T11:32:10","date_gmt":"2017-10-21T09:32:10","guid":{"rendered":"http:\/\/bonnesadressesremoises.fr\/?page_id=12624"},"modified":"2017-11-09T11:24:15","modified_gmt":"2017-11-09T09:24:15","slug":"champagne-for-english-speakers","status":"publish","type":"page","link":"https:\/\/bonnesadressesremoises.fr\/index.php\/champagne-for-english-speakers\/","title":{"rendered":"Champagne (links for English speakers)"},"content":{"rendered":"<ul>\n<li><a href=\"https:\/\/bonnesadressesremoises.fr\/index.php\/best-wine-shops-to-buy-champagne-in-reims\/\" target=\"_blank\" rel=\"noopener\">BEST WINE SHOPS TO BUY CHAMPAGNE IN REIMS<\/a><\/li>\n<li><a href=\"https:\/\/bonnesadressesremoises.fr\/index.php\/touring-the-canard-duchene-house-of-champagne\/\" target=\"_blank\" rel=\"noopener\">TOURING THE CANARD-DUCH\u00caNE HOUSE OF CHAMPAGNE<\/a><\/li>\n<li><a href=\"https:\/\/bonnesadressesremoises.fr\/index.php\/stephane-herbert-in-rilly\/\" target=\"_blank\" rel=\"noopener\">CHAMPAGNE ST\u00c9PHANE HERBERT IN RILLY<\/a><\/li>\n<li><a href=\"https:\/\/bonnesadressesremoises.fr\/index.php\/champagne-michel-lenique-in-pierry\/\" target=\"_blank\" rel=\"noopener\">CHAMPAGNE MICHEL LENIQUE IN PIERRY<\/a><\/li>\n<\/ul>\n<p><img loading=\"lazy\" decoding=\"async\" class=\"aligncenter size-full wp-image-12329\" src=\"https:\/\/bonnesadressesremoises.fr\/wp-content\/uploads\/2017\/04\/champagne-flavien-nowack-2.jpg\" alt=\"\" width=\"780\" height=\"293\" srcset=\"https:\/\/bonnesadressesremoises.fr\/wp-content\/uploads\/2017\/04\/champagne-flavien-nowack-2.jpg 780w, https:\/\/bonnesadressesremoises.fr\/wp-content\/uploads\/2017\/04\/champagne-flavien-nowack-2-768x288.jpg 768w, https:\/\/bonnesadressesremoises.fr\/wp-content\/uploads\/2017\/04\/champagne-flavien-nowack-2-500x188.jpg 500w\" sizes=\"auto, (max-width: 780px) 100vw, 780px\" \/><\/p>\n<p><img loading=\"lazy\" decoding=\"async\" class=\"aligncenter size-full wp-image-12217\" src=\"https:\/\/bonnesadressesremoises.fr\/wp-content\/uploads\/2017\/02\/champagne-de-telmont-9.jpg\" alt=\"\" width=\"780\" height=\"428\" srcset=\"https:\/\/bonnesadressesremoises.fr\/wp-content\/uploads\/2017\/02\/champagne-de-telmont-9.jpg 780w, https:\/\/bonnesadressesremoises.fr\/wp-content\/uploads\/2017\/02\/champagne-de-telmont-9-768x421.jpg 768w, https:\/\/bonnesadressesremoises.fr\/wp-content\/uploads\/2017\/02\/champagne-de-telmont-9-500x274.jpg 500w\" sizes=\"auto, (max-width: 780px) 100vw, 780px\" \/><\/p>\n<p><img loading=\"lazy\" decoding=\"async\" class=\"aligncenter size-full wp-image-11461\" src=\"https:\/\/bonnesadressesremoises.fr\/wp-content\/uploads\/2014\/03\/champagne-vin-honneur-mariage.jpg\" alt=\"champagne au vin d'honneur ap\u00e9ritif d'un mariage\" width=\"780\" height=\"457\" srcset=\"https:\/\/bonnesadressesremoises.fr\/wp-content\/uploads\/2014\/03\/champagne-vin-honneur-mariage.jpg 780w, https:\/\/bonnesadressesremoises.fr\/wp-content\/uploads\/2014\/03\/champagne-vin-honneur-mariage-768x450.jpg 768w, https:\/\/bonnesadressesremoises.fr\/wp-content\/uploads\/2014\/03\/champagne-vin-honneur-mariage-500x293.jpg 500w\" sizes=\"auto, (max-width: 780px) 100vw, 780px\" \/><\/p>\n<p><img loading=\"lazy\" decoding=\"async\" class=\"aligncenter size-full wp-image-8904\" src=\"https:\/\/bonnesadressesremoises.fr\/wp-content\/uploads\/2015\/07\/champagne-jacquinet-dumez-5.jpg\" alt=\"\" width=\"750\" height=\"394\" srcset=\"https:\/\/bonnesadressesremoises.fr\/wp-content\/uploads\/2015\/07\/champagne-jacquinet-dumez-5.jpg 750w, https:\/\/bonnesadressesremoises.fr\/wp-content\/uploads\/2015\/07\/champagne-jacquinet-dumez-5-500x263.jpg 500w\" sizes=\"auto, (max-width: 750px) 100vw, 750px\" \/><\/p>\n<p><img loading=\"lazy\" decoding=\"async\" class=\"aligncenter size-full wp-image-9546\" src=\"https:\/\/bonnesadressesremoises.fr\/wp-content\/uploads\/2014\/03\/champagne-vin-honneur.jpg\" alt=\"Champagne Mariage\" width=\"750\" height=\"426\" srcset=\"https:\/\/bonnesadressesremoises.fr\/wp-content\/uploads\/2014\/03\/champagne-vin-honneur.jpg 750w, https:\/\/bonnesadressesremoises.fr\/wp-content\/uploads\/2014\/03\/champagne-vin-honneur-500x284.jpg 500w\" sizes=\"auto, (max-width: 750px) 100vw, 750px\" \/><\/p>\n","protected":false},"excerpt":{"rendered":"<p>BEST WINE SHOPS TO BUY CHAMPAGNE IN REIMS TOURING THE CANARD-DUCH\u00caNE HOUSE OF CHAMPAGNE CHAMPAGNE ST\u00c9PHANE HERBERT IN RILLY CHAMPAGNE MICHEL LENIQUE IN PIERRY<\/p>\n","protected":false},"author":2,"featured_media":10370,"parent":0,"menu_order":0,"comment_status":"closed","ping_status":"closed","template":"","meta":{"footnotes":""},"class_list":["post-12624","page","type-page","status-publish","has-post-thumbnail","hentry"],"yoast_head":"<!-- This site is optimized with the Yoast SEO plugin v27.3 - https:\/\/yoast.com\/product\/yoast-seo-wordpress\/ -->\n<title>Champagne (links for English speakers) # Bonnes Adresses R\u00e9moises<\/title>\n<meta name=\"description\" content=\"BEST WINE SHOPS TO BUY CHAMPAGNE IN REIMS TOURING THE CANARD-DUCH\u00caNE HOUSE OF CHAMPAGNE CHAMPAGNE ST\u00c9PHANE HERBERT IN RILLY CHAMPAGNE MICHEL LENIQUE IN\" \/>\n<meta name=\"robots\" content=\"index, follow, max-snippet:-1, max-image-preview:large, max-video-preview:-1\" \/>\n<link rel=\"canonical\" href=\"https:\/\/bonnesadressesremoises.fr\/index.php\/champagne-for-english-speakers\/\" \/>\n<script type=\"application\/ld+json\" class=\"yoast-schema-graph\">{\"@context\":\"https:\\\/\\\/schema.org\",\"@graph\":[{\"@type\":\"WebPage\",\"@id\":\"https:\\\/\\\/bonnesadressesremoises.fr\\\/index.php\\\/champagne-for-english-speakers\\\/\",\"url\":\"https:\\\/\\\/bonnesadressesremoises.fr\\\/index.php\\\/champagne-for-english-speakers\\\/\",\"name\":\"Champagne (links for English speakers) # Bonnes Adresses R\u00e9moises\",\"isPartOf\":{\"@id\":\"https:\\\/\\\/bonnesadressesremoises.fr\\\/#website\"},\"primaryImageOfPage\":{\"@id\":\"https:\\\/\\\/bonnesadressesremoises.fr\\\/index.php\\\/champagne-for-english-speakers\\\/#primaryimage\"},\"image\":{\"@id\":\"https:\\\/\\\/bonnesadressesremoises.fr\\\/index.php\\\/champagne-for-english-speakers\\\/#primaryimage\"},\"thumbnailUrl\":\"https:\\\/\\\/bonnesadressesremoises.fr\\\/wp-content\\\/uploads\\\/2016\\\/01\\\/champagne-entete.jpg\",\"datePublished\":\"2017-10-21T09:32:10+00:00\",\"dateModified\":\"2017-11-09T09:24:15+00:00\",\"description\":\"BEST WINE SHOPS TO BUY CHAMPAGNE IN REIMS TOURING THE CANARD-DUCH\u00caNE HOUSE OF CHAMPAGNE CHAMPAGNE ST\u00c9PHANE HERBERT IN RILLY CHAMPAGNE MICHEL LENIQUE IN\",\"breadcrumb\":{\"@id\":\"https:\\\/\\\/bonnesadressesremoises.fr\\\/index.php\\\/champagne-for-english-speakers\\\/#breadcrumb\"},\"inLanguage\":\"fr-FR\",\"potentialAction\":[{\"@type\":\"ReadAction\",\"target\":[\"https:\\\/\\\/bonnesadressesremoises.fr\\\/index.php\\\/champagne-for-english-speakers\\\/\"]}]},{\"@type\":\"ImageObject\",\"inLanguage\":\"fr-FR\",\"@id\":\"https:\\\/\\\/bonnesadressesremoises.fr\\\/index.php\\\/champagne-for-english-speakers\\\/#primaryimage\",\"url\":\"https:\\\/\\\/bonnesadressesremoises.fr\\\/wp-content\\\/uploads\\\/2016\\\/01\\\/champagne-entete.jpg\",\"contentUrl\":\"https:\\\/\\\/bonnesadressesremoises.fr\\\/wp-content\\\/uploads\\\/2016\\\/01\\\/champagne-entete.jpg\",\"width\":1000,\"height\":215,\"caption\":\"champagne\"},{\"@type\":\"BreadcrumbList\",\"@id\":\"https:\\\/\\\/bonnesadressesremoises.fr\\\/index.php\\\/champagne-for-english-speakers\\\/#breadcrumb\",\"itemListElement\":[{\"@type\":\"ListItem\",\"position\":1,\"name\":\"Home\",\"item\":\"https:\\\/\\\/bonnesadressesremoises.fr\\\/\"},{\"@type\":\"ListItem\",\"position\":2,\"name\":\"Champagne (links for English speakers)\"}]},{\"@type\":\"WebSite\",\"@id\":\"https:\\\/\\\/bonnesadressesremoises.fr\\\/#website\",\"url\":\"https:\\\/\\\/bonnesadressesremoises.fr\\\/\",\"name\":\"Bonnes Adresses R\u00e9moises\",\"description\":\"Des bonnes adresses sur Reims!\",\"potentialAction\":[{\"@type\":\"SearchAction\",\"target\":{\"@type\":\"EntryPoint\",\"urlTemplate\":\"https:\\\/\\\/bonnesadressesremoises.fr\\\/?s={search_term_string}\"},\"query-input\":{\"@type\":\"PropertyValueSpecification\",\"valueRequired\":true,\"valueName\":\"search_term_string\"}}],\"inLanguage\":\"fr-FR\"}]}<\/script>\n<!-- \/ Yoast SEO plugin. -->","yoast_head_json":{"title":"Champagne (links for English speakers) # Bonnes Adresses R\u00e9moises","description":"BEST WINE SHOPS TO BUY CHAMPAGNE IN REIMS TOURING THE CANARD-DUCH\u00caNE HOUSE OF CHAMPAGNE CHAMPAGNE ST\u00c9PHANE HERBERT IN RILLY CHAMPAGNE MICHEL LENIQUE IN","robots":{"index":"index","follow":"follow","max-snippet":"max-snippet:-1","max-image-preview":"max-image-preview:large","max-video-preview":"max-video-preview:-1"},"canonical":"https:\/\/bonnesadressesremoises.fr\/index.php\/champagne-for-english-speakers\/","schema":{"@context":"https:\/\/schema.org","@graph":[{"@type":"WebPage","@id":"https:\/\/bonnesadressesremoises.fr\/index.php\/champagne-for-english-speakers\/","url":"https:\/\/bonnesadressesremoises.fr\/index.php\/champagne-for-english-speakers\/","name":"Champagne (links for English speakers) # Bonnes Adresses R\u00e9moises","isPartOf":{"@id":"https:\/\/bonnesadressesremoises.fr\/#website"},"primaryImageOfPage":{"@id":"https:\/\/bonnesadressesremoises.fr\/index.php\/champagne-for-english-speakers\/#primaryimage"},"image":{"@id":"https:\/\/bonnesadressesremoises.fr\/index.php\/champagne-for-english-speakers\/#primaryimage"},"thumbnailUrl":"https:\/\/bonnesadressesremoises.fr\/wp-content\/uploads\/2016\/01\/champagne-entete.jpg","datePublished":"2017-10-21T09:32:10+00:00","dateModified":"2017-11-09T09:24:15+00:00","description":"BEST WINE SHOPS TO BUY CHAMPAGNE IN REIMS TOURING THE CANARD-DUCH\u00caNE HOUSE OF CHAMPAGNE CHAMPAGNE ST\u00c9PHANE HERBERT IN RILLY CHAMPAGNE MICHEL LENIQUE IN","breadcrumb":{"@id":"https:\/\/bonnesadressesremoises.fr\/index.php\/champagne-for-english-speakers\/#breadcrumb"},"inLanguage":"fr-FR","potentialAction":[{"@type":"ReadAction","target":["https:\/\/bonnesadressesremoises.fr\/index.php\/champagne-for-english-speakers\/"]}]},{"@type":"ImageObject","inLanguage":"fr-FR","@id":"https:\/\/bonnesadressesremoises.fr\/index.php\/champagne-for-english-speakers\/#primaryimage","url":"https:\/\/bonnesadressesremoises.fr\/wp-content\/uploads\/2016\/01\/champagne-entete.jpg","contentUrl":"https:\/\/bonnesadressesremoises.fr\/wp-content\/uploads\/2016\/01\/champagne-entete.jpg","width":1000,"height":215,"caption":"champagne"},{"@type":"BreadcrumbList","@id":"https:\/\/bonnesadressesremoises.fr\/index.php\/champagne-for-english-speakers\/#breadcrumb","itemListElement":[{"@type":"ListItem","position":1,"name":"Home","item":"https:\/\/bonnesadressesremoises.fr\/"},{"@type":"ListItem","position":2,"name":"Champagne (links for English speakers)"}]},{"@type":"WebSite","@id":"https:\/\/bonnesadressesremoises.fr\/#website","url":"https:\/\/bonnesadressesremoises.fr\/","name":"Bonnes Adresses R\u00e9moises","description":"Des bonnes adresses sur Reims!","potentialAction":[{"@type":"SearchAction","target":{"@type":"EntryPoint","urlTemplate":"https:\/\/bonnesadressesremoises.fr\/?s={search_term_string}"},"query-input":{"@type":"PropertyValueSpecification","valueRequired":true,"valueName":"search_term_string"}}],"inLanguage":"fr-FR"}]}},"_links":{"self":[{"href":"https:\/\/bonnesadressesremoises.fr\/index.php\/wp-json\/wp\/v2\/pages\/12624","targetHints":{"allow":["GET"]}}],"collection":[{"href":"https:\/\/bonnesadressesremoises.fr\/index.php\/wp-json\/wp\/v2\/pages"}],"about":[{"href":"https:\/\/bonnesadressesremoises.fr\/index.php\/wp-json\/wp\/v2\/types\/page"}],"author":[{"embeddable":true,"href":"https:\/\/bonnesadressesremoises.fr\/index.php\/wp-json\/wp\/v2\/users\/2"}],"replies":[{"embeddable":true,"href":"https:\/\/bonnesadressesremoises.fr\/index.php\/wp-json\/wp\/v2\/comments?post=12624"}],"version-history":[{"count":7,"href":"https:\/\/bonnesadressesremoises.fr\/index.php\/wp-json\/wp\/v2\/pages\/12624\/revisions"}],"predecessor-version":[{"id":12738,"href":"https:\/\/bonnesadressesremoises.fr\/index.php\/wp-json\/wp\/v2\/pages\/12624\/revisions\/12738"}],"wp:featuredmedia":[{"embeddable":true,"href":"https:\/\/bonnesadressesremoises.fr\/index.php\/wp-json\/wp\/v2\/media\/10370"}],"wp:attachment":[{"href":"https:\/\/bonnesadressesremoises.fr\/index.php\/wp-json\/wp\/v2\/media?parent=12624"}],"curies":[{"name":"wp","href":"https:\/\/api.w.org\/{rel}","templated":true}]}}