{"id":5312,"date":"2014-01-18T19:04:25","date_gmt":"2014-01-18T17:04:25","guid":{"rendered":"http:\/\/bonnesadressesremoises.fr\/?page_id=5312"},"modified":"2017-10-26T15:33:27","modified_gmt":"2017-10-26T13:33:27","slug":"prestataires-mariage-reims","status":"publish","type":"page","link":"https:\/\/bonnesadressesremoises.fr\/index.php\/prestataires-mariage-reims\/","title":{"rendered":"Organiser votre mariage \u00e0 Reims ou dans ses environs"},"content":{"rendered":"<p>Ca y est, il (ou elle !) vous a fait sa demande en mariage, vous vous lancez dans les pr\u00e9paratifs&#8230; et dans la qu\u00eate de prestataires qui correspondent \u00e0 votre attente. On en trouve pour tous les go\u00fbts, tous les budgets. Ce n&rsquo;est pas \u00e9vident de s&rsquo;y retrouver.<\/p>\n<p>Dans l&rsquo;\u00e9quipe des \u00ab\u00a0Bonnes Adresses R\u00e9moises\u00a0\u00bb, on s&rsquo;int\u00e9resse aussi \u00e0 l&rsquo;Univers du Mariage. Alors voici quelques adresses \u00e0 d\u00e9couvrir pour les Futurs Mari\u00e9s de la r\u00e9gion, \u00e0 Reims et aux alentours <em>(pour lire l&rsquo;article d\u00e9taill\u00e9 de chaque entr\u00e9e, cliquez sur la vignette correspondante)<\/em>\u00a0:<\/p>\n<p style=\"text-align: left;\"><a title=\"Pr\u00e9parer son mariage civil \u00e0 la mairie de Reims\" href=\"https:\/\/bonnesadressesremoises.fr\/index.php\/mariage-civil-mairie-reims\/\"><img loading=\"lazy\" decoding=\"async\" class=\"alignnone wp-image-8139 size-full\" title=\"Pr\u00e9parer son mariage civil \u00e0 Reims\" src=\"https:\/\/bonnesadressesremoises.fr\/wp-content\/uploads\/2014\/01\/mariage-civil-reims-vignette.png\" alt=\"mariage-civil-reims-vignette\" width=\"171\" height=\"73\" \/><\/a>\u00a0<a title=\"Quel champagne choisir pour son mariage?\" href=\"https:\/\/bonnesadressesremoises.fr\/index.php\/quel-champagne-choisir-pour-son-mariage\/\"><img loading=\"lazy\" decoding=\"async\" class=\"alignnone wp-image-8138 size-full\" title=\"Conseils pour choisir le champagne de son mariage\" src=\"https:\/\/bonnesadressesremoises.fr\/wp-content\/uploads\/2014\/01\/conseils-champagne-mariage-vignette.png\" alt=\"conseils-champagne-mariage-vignette\" width=\"171\" height=\"73\" \/><\/a>\u00a0<a title=\"Instant 2 Bonheur\" href=\"https:\/\/bonnesadressesremoises.fr\/index.php\/instant-2-bonheur\/\"><img loading=\"lazy\" decoding=\"async\" class=\"alignnone size-full wp-image-8209\" src=\"https:\/\/bonnesadressesremoises.fr\/wp-content\/uploads\/2014\/01\/instant2bonheur-vignette.png\" alt=\"instant2bonheur-vignette\" width=\"171\" height=\"73\" \/><\/a><\/p>\n<p style=\"text-align: left;\"><img loading=\"lazy\" decoding=\"async\" class=\"alignnone size-full wp-image-9251\" style=\"border: 0px;\" src=\"https:\/\/bonnesadressesremoises.fr\/wp-content\/uploads\/2014\/01\/lieux-de-reception.png\" alt=\"lieux-de-reception\" width=\"190\" height=\"34\" \/><br \/>\n<a href=\"https:\/\/bonnesadressesremoises.fr\/index.php\/salles-de-reception-vilmart\/\"><img loading=\"lazy\" decoding=\"async\" class=\"alignnone wp-image-10069 size-full\" title=\"Salles de r\u00e9ception Vilmart\" src=\"https:\/\/bonnesadressesremoises.fr\/wp-content\/uploads\/2015\/12\/vilmart-vignette.png\" alt=\"vilmart-vignette\" width=\"171\" height=\"97\" \/><\/a>\u00a0<a title=\"Le Ch\u00e2teau de Pierry\" href=\"https:\/\/bonnesadressesremoises.fr\/index.php\/mariage-chateau-de-pierry\/\"><img loading=\"lazy\" decoding=\"async\" class=\"alignnone wp-image-7861 size-full\" title=\"Ch\u00e2teau de Pierry\" src=\"https:\/\/bonnesadressesremoises.fr\/wp-content\/uploads\/2014\/01\/chateau-pierry-vignette1.png\" alt=\"chateau-pierry-vignette\" width=\"171\" height=\"97\" \/><\/a>\u00a0<a title=\"Le Domaine Miltat\" href=\"https:\/\/bonnesadressesremoises.fr\/index.php\/domaine-miltat-pierry\/\"><img loading=\"lazy\" decoding=\"async\" class=\"alignnone wp-image-8386 size-full\" title=\"Domaine Miltat - Pierry\" src=\"https:\/\/bonnesadressesremoises.fr\/wp-content\/uploads\/2014\/01\/domaine-miltat-vignette.png\" alt=\"domaine-miltat-vignette\" width=\"171\" height=\"97\" \/><\/a>\u00a0<a href=\"https:\/\/bonnesadressesremoises.fr\/index.php\/mariage-ferme-de-presles\/\"><img loading=\"lazy\" decoding=\"async\" class=\"alignnone wp-image-7864 size-full\" title=\"Ferme de Presles\" src=\"https:\/\/bonnesadressesremoises.fr\/wp-content\/uploads\/2014\/01\/ferme-de-presles-vignette.png\" alt=\"ferme-de-presles-vignette\" width=\"171\" height=\"97\" \/><\/a>\u00a0<a title=\"La Ferme des Quatre Etangs\" href=\"https:\/\/bonnesadressesremoises.fr\/index.php\/mariage-ferme-des-quatre-etangs\/\"><img loading=\"lazy\" decoding=\"async\" class=\"alignnone wp-image-7865 size-full\" title=\"Ferme des 4 \u00e9tangs\" src=\"https:\/\/bonnesadressesremoises.fr\/wp-content\/uploads\/2014\/01\/ferme-quatre-etangs-vignette1.png\" alt=\"ferme-quatre-etangs-vignette\" width=\"171\" height=\"97\" \/><\/a>\u00a0<a href=\"https:\/\/bonnesadressesremoises.fr\/index.php\/salons-bertacchi-reims\/\"><img loading=\"lazy\" decoding=\"async\" class=\"alignnone size-full wp-image-11256\" src=\"https:\/\/bonnesadressesremoises.fr\/wp-content\/uploads\/2014\/01\/salons-bertacchi.png\" alt=\"salons-bertacchi\" width=\"171\" height=\"97\" \/><\/a>\u00a0<a href=\"https:\/\/bonnesadressesremoises.fr\/index.php\/foyer-rural-de-champfleury\/\"><img loading=\"lazy\" decoding=\"async\" class=\"alignnone size-full wp-image-9279\" src=\"https:\/\/bonnesadressesremoises.fr\/wp-content\/uploads\/2014\/01\/foyer-rural-champfleury-vignette.png\" alt=\"foyer-rural-champfleury-vignette\" width=\"171\" height=\"97\" \/><\/a><\/p>\n<p style=\"text-align: left;\"><img loading=\"lazy\" decoding=\"async\" class=\"alignnone size-full wp-image-9831\" style=\"border: 0px;\" src=\"https:\/\/bonnesadressesremoises.fr\/wp-content\/uploads\/2014\/01\/photographes-mariage.png\" alt=\"photographes-mariage\" width=\"328\" height=\"34\" \/><br \/>\n<a href=\"https:\/\/bonnesadressesremoises.fr\/index.php\/aurelie-photographe-mariage-reims\/\"><img loading=\"lazy\" decoding=\"async\" class=\"alignnone wp-image-8114 size-full\" title=\"Aur\u00e9lie Photographie Reims\" src=\"https:\/\/bonnesadressesremoises.fr\/wp-content\/uploads\/2014\/01\/aurelie-photographie-vignette.png\" alt=\"aurelie-photographie-vignette\" width=\"171\" height=\"97\" \/><\/a>\u00a0<a href=\"https:\/\/bonnesadressesremoises.fr\/index.php\/studio-mennesson-reims\/\"><img loading=\"lazy\" decoding=\"async\" class=\"alignnone wp-image-9810 size-full\" title=\"Studio Mennesson\" src=\"https:\/\/bonnesadressesremoises.fr\/wp-content\/uploads\/2015\/10\/studiomennesson-vignette.png\" alt=\"studiomennesson-vignette\" width=\"171\" height=\"97\" \/><\/a> <a href=\"https:\/\/bonnesadressesremoises.fr\/index.php\/jonathan-prefaut\/\"><img loading=\"lazy\" decoding=\"async\" class=\"alignnone size-full wp-image-10534\" src=\"https:\/\/bonnesadressesremoises.fr\/wp-content\/uploads\/2016\/02\/jonathan-prefaut-vignette.png\" alt=\"jonathan-prefaut-vignette\" width=\"171\" height=\"97\" \/><\/a><\/p>\n<p style=\"text-align: left;\"><img loading=\"lazy\" decoding=\"async\" class=\" size-full wp-image-9254 alignnone\" style=\"border: 0px;\" src=\"https:\/\/bonnesadressesremoises.fr\/wp-content\/uploads\/2014\/01\/robe-de-mariee-reims.png\" alt=\"robe-de-mariee-reims\" width=\"184\" height=\"34\" \/><br \/>\n<a href=\"https:\/\/bonnesadressesremoises.fr\/index.php\/la-femme-s-entete\/\"><img loading=\"lazy\" decoding=\"async\" class=\"alignnone wp-image-9982 size-full\" title=\"La Femme S'enT\u00eate\" src=\"https:\/\/bonnesadressesremoises.fr\/wp-content\/uploads\/2014\/01\/la-femme-s-entete-vignette.png\" alt=\"La Femme S'enT\u00eate\" width=\"171\" height=\"97\" \/><\/a>\u00a0<a title=\"Josefa et Moi\" href=\"https:\/\/bonnesadressesremoises.fr\/index.php\/josefa-et-moi-reims\/\"><img loading=\"lazy\" decoding=\"async\" class=\"alignnone wp-image-7857 size-full\" title=\"Josefa et Moi\" src=\"https:\/\/bonnesadressesremoises.fr\/wp-content\/uploads\/2014\/01\/josefa-et-moi-reims-vignette1.png\" alt=\"josefa-et-moi-reims-vignette\" width=\"171\" height=\"97\" \/><\/a> <a title=\"Les Mari\u00e9es d\u2019Orfeuil\" href=\"https:\/\/bonnesadressesremoises.fr\/index.php\/mariees-orfeuil-reims\/\"><img loading=\"lazy\" decoding=\"async\" class=\"alignnone wp-image-7855 size-full\" title=\"Mari\u00e9es d'Orfeuil\" src=\"https:\/\/bonnesadressesremoises.fr\/wp-content\/uploads\/2014\/01\/les-mariees-d-orfeuil-vignette.png\" alt=\"les-mariees-d-orfeuil-vignette\" width=\"171\" height=\"97\" \/><\/a>\u00a0<a title=\"Pronuptia pr\u00e8s de la place Royale\" href=\"https:\/\/bonnesadressesremoises.fr\/index.php\/pronuptia-place-royale-reims\/\"><img loading=\"lazy\" decoding=\"async\" class=\"alignnone wp-image-7856 size-full\" title=\"Pronuptia\" src=\"https:\/\/bonnesadressesremoises.fr\/wp-content\/uploads\/2014\/01\/pronuptia-vignette.png\" alt=\"pronuptia-vignette\" width=\"171\" height=\"97\" \/><\/a><\/p>\n<p style=\"text-align: left;\"><img loading=\"lazy\" decoding=\"async\" class=\"alignnone size-full wp-image-11828\" style=\"border: 0px;\" src=\"https:\/\/bonnesadressesremoises.fr\/wp-content\/uploads\/2014\/01\/futur-mari-reims.png\" alt=\"futur-mari-reims\" width=\"103\" height=\"34\" \/><br \/>\n<a href=\"https:\/\/bonnesadressesremoises.fr\/index.php\/tailor-corner-costume-sur-mesure-reims\/\"><img loading=\"lazy\" decoding=\"async\" class=\"alignnone size-full wp-image-11827\" src=\"https:\/\/bonnesadressesremoises.fr\/wp-content\/uploads\/2014\/01\/costume-sur-mesure-tailor-corner-vignette.png\" alt=\"costume-sur-mesure-tailor-corner-vignette\" width=\"171\" height=\"97\" \/><\/a><\/p>\n<p style=\"text-align: left;\"><img loading=\"lazy\" decoding=\"async\" class=\" size-full wp-image-9252 alignnone\" style=\"border: 0px;\" src=\"https:\/\/bonnesadressesremoises.fr\/wp-content\/uploads\/2014\/01\/mise-en-beaut\u00e9.png\" alt=\"mise-en-beaut\u00e9\" width=\"157\" height=\"34\" \/><br \/>\n<a href=\"https:\/\/bonnesadressesremoises.fr\/index.php\/salon-hermann-fischer\/\"><img loading=\"lazy\" decoding=\"async\" class=\"alignnone size-full wp-image-9302\" src=\"https:\/\/bonnesadressesremoises.fr\/wp-content\/uploads\/2014\/01\/hermann-fischer-vignette.png\" alt=\"hermann-fischer-vignette\" width=\"171\" height=\"97\" \/><\/a><\/p>\n<p style=\"text-align: left;\"><img loading=\"lazy\" decoding=\"async\" class=\"alignnone size-full wp-image-9255\" style=\"border: 0px;\" src=\"https:\/\/bonnesadressesremoises.fr\/wp-content\/uploads\/2014\/01\/traiteurs-patissiers-mariage.png\" alt=\"traiteurs-patissiers-mariage\" width=\"247\" height=\"34\" \/><br \/>\n<a href=\"https:\/\/bonnesadressesremoises.fr\/index.php\/bsd-traiteur\/\"><img loading=\"lazy\" decoding=\"async\" class=\"alignnone size-full wp-image-11016\" src=\"https:\/\/bonnesadressesremoises.fr\/wp-content\/uploads\/2014\/01\/bsd-traiteur.png\" alt=\"bsd-traiteur\" width=\"171\" height=\"97\" \/><\/a>\u00a0<a href=\"https:\/\/bonnesadressesremoises.fr\/index.php\/receptions-bertacchi-reims\/\"><img loading=\"lazy\" decoding=\"async\" class=\"alignnone size-full wp-image-11257\" src=\"https:\/\/bonnesadressesremoises.fr\/wp-content\/uploads\/2014\/01\/receptions-bertacchi.png\" alt=\"receptions-bertacchi\" width=\"171\" height=\"97\" \/><\/a>\u00a0<a title=\"Le Macaron Bleu\" href=\"https:\/\/bonnesadressesremoises.fr\/index.php\/le-macaron-bleu\/\"><img loading=\"lazy\" decoding=\"async\" class=\"alignnone wp-image-7859 size-full\" title=\"Macaron Bleu - Bezannes\" src=\"https:\/\/bonnesadressesremoises.fr\/wp-content\/uploads\/2014\/01\/macaron-bleu-vignette.png\" alt=\"macaron-bleu-vignette\" width=\"171\" height=\"97\" \/><\/a><\/p>\n<p style=\"text-align: left;\"><img loading=\"lazy\" decoding=\"async\" class=\"alignnone size-full wp-image-9250\" style=\"border: 0px;\" src=\"https:\/\/bonnesadressesremoises.fr\/wp-content\/uploads\/2014\/01\/decoration-florale.png\" alt=\"decoration-florale\" width=\"190\" height=\"34\" \/><br \/>\n<a href=\"https:\/\/bonnesadressesremoises.fr\/index.php\/jardin-de-stelly\/\"><img loading=\"lazy\" decoding=\"async\" class=\"alignnone size-full wp-image-11664\" src=\"https:\/\/bonnesadressesremoises.fr\/wp-content\/uploads\/2014\/01\/le-jardin-de-stelly-vignette.png\" alt=\"le-jardin-de-stelly-vignette\" width=\"171\" height=\"97\" \/><\/a>\u00a0<a title=\"Flor\u00e9sie\" href=\"https:\/\/bonnesadressesremoises.fr\/index.php\/floresie\/\"><img loading=\"lazy\" decoding=\"async\" class=\"alignnone wp-image-8155 size-full\" title=\"Flor\u00e9sie\" src=\"https:\/\/bonnesadressesremoises.fr\/wp-content\/uploads\/2014\/01\/floresie-vignette.png\" alt=\"floresie-vignette\" width=\"171\" height=\"97\" \/><\/a> <a href=\"https:\/\/bonnesadressesremoises.fr\/index.php\/centaurea-reims\/\"><img loading=\"lazy\" decoding=\"async\" class=\"alignnone size-full wp-image-9768\" src=\"https:\/\/bonnesadressesremoises.fr\/wp-content\/uploads\/2015\/10\/centaurea-vignette.png\" alt=\"centaurea-vignette\" width=\"171\" height=\"97\" \/><\/a>\u00a0<a href=\"https:\/\/bonnesadressesremoises.fr\/index.php\/atelier-de-dom-reims-neuvilette\/\"><img loading=\"lazy\" decoding=\"async\" class=\"alignnone size-full wp-image-9508\" src=\"https:\/\/bonnesadressesremoises.fr\/wp-content\/uploads\/2015\/09\/atelier-de-dom-vignette.png\" alt=\"atelier-de-dom-vignette\" width=\"171\" height=\"97\" \/><\/a><\/p>\n<p style=\"text-align: left;\"><em>Comme pour nos autres cat\u00e9gories de \u00ab\u00a0bonnes adresses\u00a0\u00bb, nous avons s\u00e9lectionn\u00e9 pour ce carnet d&rsquo;adresses Mariage des prestataires qui r\u00e9servent un bon accueil \u00e0 leurs clients et qui proposent un bon rapport qualit\u00e9 \/ prix. Nous esp\u00e9rons que cela aidera des futurs mari\u00e9s champenois ! Et bien s\u00fbr, nous \u00e9tofferons cette liste au fur et \u00e0 mesure de nos d\u00e9couvertes.<\/em><\/p>\n<p style=\"text-align: center;\"><img loading=\"lazy\" decoding=\"async\" class=\"aligncenter wp-image-10927 size-full\" title=\"Alliances de Mariage\" src=\"https:\/\/bonnesadressesremoises.fr\/wp-content\/uploads\/2014\/01\/alliances-mariage-livre.jpg\" alt=\"Alliances de Mariage\" width=\"780\" height=\"395\" srcset=\"https:\/\/bonnesadressesremoises.fr\/wp-content\/uploads\/2014\/01\/alliances-mariage-livre.jpg 780w, https:\/\/bonnesadressesremoises.fr\/wp-content\/uploads\/2014\/01\/alliances-mariage-livre-768x389.jpg 768w, https:\/\/bonnesadressesremoises.fr\/wp-content\/uploads\/2014\/01\/alliances-mariage-livre-500x253.jpg 500w\" sizes=\"auto, (max-width: 780px) 100vw, 780px\" \/><\/p>\n","protected":false},"excerpt":{"rendered":"<p>Ca y est, il (ou elle !) vous a fait sa demande en mariage, vous vous lancez dans les pr\u00e9paratifs&#8230; et dans la qu\u00eate de prestataires qui correspondent \u00e0 votre attente. On en trouve pour tous les go\u00fbts, tous les &hellip; <a href=\"https:\/\/bonnesadressesremoises.fr\/index.php\/prestataires-mariage-reims\/\">Continuer la lecture <span class=\"meta-nav\">&rarr;<\/span><\/a><\/p>\n","protected":false},"author":2,"featured_media":9907,"parent":0,"menu_order":0,"comment_status":"closed","ping_status":"closed","template":"sidebar-page.php","meta":{"footnotes":""},"class_list":["post-5312","page","type-page","status-publish","has-post-thumbnail","hentry"],"yoast_head":"<!-- This site is optimized with the Yoast SEO plugin v27.4 - https:\/\/yoast.com\/product\/yoast-seo-wordpress\/ -->\n<title>Organiser votre mariage \u00e0 Reims ou dans ses environs<\/title>\n<meta name=\"description\" content=\"Liste de prestataires pour pr\u00e9parer votre mariage sur Reims ou dans les environs. Adresses de traiteurs, lieux de r\u00e9ception, d\u00e9coration florale,...\" \/>\n<meta name=\"robots\" content=\"index, follow, max-snippet:-1, max-image-preview:large, max-video-preview:-1\" \/>\n<link rel=\"canonical\" href=\"https:\/\/bonnesadressesremoises.fr\/index.php\/prestataires-mariage-reims\/\" \/>\n<meta name=\"twitter:label1\" content=\"Dur\u00e9e de lecture estim\u00e9e\" \/>\n\t<meta name=\"twitter:data1\" content=\"1 minute\" \/>\n<script type=\"application\/ld+json\" class=\"yoast-schema-graph\">{\"@context\":\"https:\\\/\\\/schema.org\",\"@graph\":[{\"@type\":\"WebPage\",\"@id\":\"https:\\\/\\\/bonnesadressesremoises.fr\\\/index.php\\\/prestataires-mariage-reims\\\/\",\"url\":\"https:\\\/\\\/bonnesadressesremoises.fr\\\/index.php\\\/prestataires-mariage-reims\\\/\",\"name\":\"Organiser votre mariage \u00e0 Reims ou dans ses environs\",\"isPartOf\":{\"@id\":\"https:\\\/\\\/bonnesadressesremoises.fr\\\/#website\"},\"primaryImageOfPage\":{\"@id\":\"https:\\\/\\\/bonnesadressesremoises.fr\\\/index.php\\\/prestataires-mariage-reims\\\/#primaryimage\"},\"image\":{\"@id\":\"https:\\\/\\\/bonnesadressesremoises.fr\\\/index.php\\\/prestataires-mariage-reims\\\/#primaryimage\"},\"thumbnailUrl\":\"https:\\\/\\\/bonnesadressesremoises.fr\\\/wp-content\\\/uploads\\\/2015\\\/11\\\/pour-preparer-son-mariage.jpg\",\"datePublished\":\"2014-01-18T17:04:25+00:00\",\"dateModified\":\"2017-10-26T13:33:27+00:00\",\"description\":\"Liste de prestataires pour pr\u00e9parer votre mariage sur Reims ou dans les environs. Adresses de traiteurs, lieux de r\u00e9ception, d\u00e9coration florale,...\",\"breadcrumb\":{\"@id\":\"https:\\\/\\\/bonnesadressesremoises.fr\\\/index.php\\\/prestataires-mariage-reims\\\/#breadcrumb\"},\"inLanguage\":\"fr-FR\",\"potentialAction\":[{\"@type\":\"ReadAction\",\"target\":[\"https:\\\/\\\/bonnesadressesremoises.fr\\\/index.php\\\/prestataires-mariage-reims\\\/\"]}]},{\"@type\":\"ImageObject\",\"inLanguage\":\"fr-FR\",\"@id\":\"https:\\\/\\\/bonnesadressesremoises.fr\\\/index.php\\\/prestataires-mariage-reims\\\/#primaryimage\",\"url\":\"https:\\\/\\\/bonnesadressesremoises.fr\\\/wp-content\\\/uploads\\\/2015\\\/11\\\/pour-preparer-son-mariage.jpg\",\"contentUrl\":\"https:\\\/\\\/bonnesadressesremoises.fr\\\/wp-content\\\/uploads\\\/2015\\\/11\\\/pour-preparer-son-mariage.jpg\",\"width\":1000,\"height\":215},{\"@type\":\"BreadcrumbList\",\"@id\":\"https:\\\/\\\/bonnesadressesremoises.fr\\\/index.php\\\/prestataires-mariage-reims\\\/#breadcrumb\",\"itemListElement\":[{\"@type\":\"ListItem\",\"position\":1,\"name\":\"Home\",\"item\":\"https:\\\/\\\/bonnesadressesremoises.fr\\\/\"},{\"@type\":\"ListItem\",\"position\":2,\"name\":\"Organiser votre mariage \u00e0 Reims ou dans ses environs\"}]},{\"@type\":\"WebSite\",\"@id\":\"https:\\\/\\\/bonnesadressesremoises.fr\\\/#website\",\"url\":\"https:\\\/\\\/bonnesadressesremoises.fr\\\/\",\"name\":\"Bonnes Adresses R\u00e9moises\",\"description\":\"Des bonnes adresses sur Reims!\",\"potentialAction\":[{\"@type\":\"SearchAction\",\"target\":{\"@type\":\"EntryPoint\",\"urlTemplate\":\"https:\\\/\\\/bonnesadressesremoises.fr\\\/?s={search_term_string}\"},\"query-input\":{\"@type\":\"PropertyValueSpecification\",\"valueRequired\":true,\"valueName\":\"search_term_string\"}}],\"inLanguage\":\"fr-FR\"}]}<\/script>\n<!-- \/ Yoast SEO plugin. -->","yoast_head_json":{"title":"Organiser votre mariage \u00e0 Reims ou dans ses environs","description":"Liste de prestataires pour pr\u00e9parer votre mariage sur Reims ou dans les environs. Adresses de traiteurs, lieux de r\u00e9ception, d\u00e9coration florale,...","robots":{"index":"index","follow":"follow","max-snippet":"max-snippet:-1","max-image-preview":"max-image-preview:large","max-video-preview":"max-video-preview:-1"},"canonical":"https:\/\/bonnesadressesremoises.fr\/index.php\/prestataires-mariage-reims\/","twitter_misc":{"Dur\u00e9e de lecture estim\u00e9e":"1 minute"},"schema":{"@context":"https:\/\/schema.org","@graph":[{"@type":"WebPage","@id":"https:\/\/bonnesadressesremoises.fr\/index.php\/prestataires-mariage-reims\/","url":"https:\/\/bonnesadressesremoises.fr\/index.php\/prestataires-mariage-reims\/","name":"Organiser votre mariage \u00e0 Reims ou dans ses environs","isPartOf":{"@id":"https:\/\/bonnesadressesremoises.fr\/#website"},"primaryImageOfPage":{"@id":"https:\/\/bonnesadressesremoises.fr\/index.php\/prestataires-mariage-reims\/#primaryimage"},"image":{"@id":"https:\/\/bonnesadressesremoises.fr\/index.php\/prestataires-mariage-reims\/#primaryimage"},"thumbnailUrl":"https:\/\/bonnesadressesremoises.fr\/wp-content\/uploads\/2015\/11\/pour-preparer-son-mariage.jpg","datePublished":"2014-01-18T17:04:25+00:00","dateModified":"2017-10-26T13:33:27+00:00","description":"Liste de prestataires pour pr\u00e9parer votre mariage sur Reims ou dans les environs. Adresses de traiteurs, lieux de r\u00e9ception, d\u00e9coration florale,...","breadcrumb":{"@id":"https:\/\/bonnesadressesremoises.fr\/index.php\/prestataires-mariage-reims\/#breadcrumb"},"inLanguage":"fr-FR","potentialAction":[{"@type":"ReadAction","target":["https:\/\/bonnesadressesremoises.fr\/index.php\/prestataires-mariage-reims\/"]}]},{"@type":"ImageObject","inLanguage":"fr-FR","@id":"https:\/\/bonnesadressesremoises.fr\/index.php\/prestataires-mariage-reims\/#primaryimage","url":"https:\/\/bonnesadressesremoises.fr\/wp-content\/uploads\/2015\/11\/pour-preparer-son-mariage.jpg","contentUrl":"https:\/\/bonnesadressesremoises.fr\/wp-content\/uploads\/2015\/11\/pour-preparer-son-mariage.jpg","width":1000,"height":215},{"@type":"BreadcrumbList","@id":"https:\/\/bonnesadressesremoises.fr\/index.php\/prestataires-mariage-reims\/#breadcrumb","itemListElement":[{"@type":"ListItem","position":1,"name":"Home","item":"https:\/\/bonnesadressesremoises.fr\/"},{"@type":"ListItem","position":2,"name":"Organiser votre mariage \u00e0 Reims ou dans ses environs"}]},{"@type":"WebSite","@id":"https:\/\/bonnesadressesremoises.fr\/#website","url":"https:\/\/bonnesadressesremoises.fr\/","name":"Bonnes Adresses R\u00e9moises","description":"Des bonnes adresses sur Reims!","potentialAction":[{"@type":"SearchAction","target":{"@type":"EntryPoint","urlTemplate":"https:\/\/bonnesadressesremoises.fr\/?s={search_term_string}"},"query-input":{"@type":"PropertyValueSpecification","valueRequired":true,"valueName":"search_term_string"}}],"inLanguage":"fr-FR"}]}},"_links":{"self":[{"href":"https:\/\/bonnesadressesremoises.fr\/index.php\/wp-json\/wp\/v2\/pages\/5312","targetHints":{"allow":["GET"]}}],"collection":[{"href":"https:\/\/bonnesadressesremoises.fr\/index.php\/wp-json\/wp\/v2\/pages"}],"about":[{"href":"https:\/\/bonnesadressesremoises.fr\/index.php\/wp-json\/wp\/v2\/types\/page"}],"author":[{"embeddable":true,"href":"https:\/\/bonnesadressesremoises.fr\/index.php\/wp-json\/wp\/v2\/users\/2"}],"replies":[{"embeddable":true,"href":"https:\/\/bonnesadressesremoises.fr\/index.php\/wp-json\/wp\/v2\/comments?post=5312"}],"version-history":[{"count":2,"href":"https:\/\/bonnesadressesremoises.fr\/index.php\/wp-json\/wp\/v2\/pages\/5312\/revisions"}],"predecessor-version":[{"id":12516,"href":"https:\/\/bonnesadressesremoises.fr\/index.php\/wp-json\/wp\/v2\/pages\/5312\/revisions\/12516"}],"wp:featuredmedia":[{"embeddable":true,"href":"https:\/\/bonnesadressesremoises.fr\/index.php\/wp-json\/wp\/v2\/media\/9907"}],"wp:attachment":[{"href":"https:\/\/bonnesadressesremoises.fr\/index.php\/wp-json\/wp\/v2\/media?parent=5312"}],"curies":[{"name":"wp","href":"https:\/\/api.w.org\/{rel}","templated":true}]}}