{"id":6222,"date":"2014-04-04T21:21:57","date_gmt":"2014-04-04T19:21:57","guid":{"rendered":"http:\/\/bonnesadressesremoises.fr\/?page_id=6222"},"modified":"2016-04-02T10:14:25","modified_gmt":"2016-04-02T08:14:25","slug":"se-promener-un-peu-plus-loin","status":"publish","type":"page","link":"https:\/\/bonnesadressesremoises.fr\/index.php\/se-promener-un-peu-plus-loin\/","title":{"rendered":"Se promener un peu plus loin de Reims"},"content":{"rendered":"<p><a href=\"https:\/\/bonnesadressesremoises.fr\/index.php\/un-ane-en-ardennes\/\">Randonner dans les Ardennes avec un \u00e2ne<\/a> (\u00e0 1h)<br \/>\n<a href=\"https:\/\/bonnesadressesremoises.fr\/index.php\/parc-argonne-decouverte\/\">Parc Argonne D\u00e9couverte<\/a> (\u00e0 1h)<br \/>\n<a href=\"https:\/\/bonnesadressesremoises.fr\/index.php\/ferme-pedagogique-de-liart\/\" target=\"_blank\">Ferme p\u00e9dagogique de Liart<\/a> (\u00e0 1h)<a title=\"Orbais-l\u2019Abbaye\" href=\"https:\/\/bonnesadressesremoises.fr\/index.php\/orbais-abbaye\/\"><br \/>\nOrbais-l&rsquo;Abbaye<\/a> (\u00e0 1h)<br \/>\n<a href=\"https:\/\/bonnesadressesremoises.fr\/index.php\/parfondeval\/\">Parfondeval<\/a> (\u00e0 1h)<br \/>\n<a title=\"Parc animalier de Bouillon\" href=\"https:\/\/bonnesadressesremoises.fr\/index.php\/parc-animalier-bouillon\/\">Parc animalier de Bouillon<\/a> (\u00e0 1h15)<br \/>\n<a href=\"https:\/\/bonnesadressesremoises.fr\/index.php\/lac-des-vieilles-forges\/\">Site du lac des Vieilles Forges<\/a> (\u00e0 1h20)<\/p>\n<p><a title=\"Les \u00e9glises fortifi\u00e9es aux alentours de Reims\" href=\"https:\/\/bonnesadressesremoises.fr\/index.php\/eglises-fortifiees-thierache\/\">Eglises fortifi\u00e9es autour de Reims<\/a><\/p>\n<p>Pour les sites un peu moins loin de Reims, c&rsquo;est <a title=\"Se promener aux alentours de Reims\" href=\"https:\/\/bonnesadressesremoises.fr\/index.php\/se-promener-aux-alentours-de-reims\/\">par ici<\/a>.<br \/>\nLes visites de caves sont sur <a title=\"Visite des caves de champagne\" href=\"https:\/\/bonnesadressesremoises.fr\/index.php\/visite-caves-champagne\/\">cette page<\/a>.<\/p>\n<div id=\"attachment_9043\" style=\"width: 760px\" class=\"wp-caption aligncenter\"><a href=\"https:\/\/bonnesadressesremoises.fr\/index.php\/lac-des-vieilles-forges\/\"><img loading=\"lazy\" decoding=\"async\" aria-describedby=\"caption-attachment-9043\" class=\"wp-image-9043 size-full\" src=\"https:\/\/bonnesadressesremoises.fr\/wp-content\/uploads\/2015\/07\/lac-vieilles-forges-3.jpg\" alt=\"Le lac des Vieilles Forges, un peu plus loin de Reims (\u00e0 1h20)\" width=\"750\" height=\"416\" srcset=\"https:\/\/bonnesadressesremoises.fr\/wp-content\/uploads\/2015\/07\/lac-vieilles-forges-3.jpg 750w, https:\/\/bonnesadressesremoises.fr\/wp-content\/uploads\/2015\/07\/lac-vieilles-forges-3-500x277.jpg 500w\" sizes=\"auto, (max-width: 750px) 100vw, 750px\" \/><\/a><p id=\"caption-attachment-9043\" class=\"wp-caption-text\">Le lac des Vieilles Forges<\/p><\/div>\n<p>&nbsp;<\/p>\n","protected":false},"excerpt":{"rendered":"<p>Randonner dans les Ardennes avec un \u00e2ne (\u00e0 1h) Parc Argonne D\u00e9couverte (\u00e0 1h) Ferme p\u00e9dagogique de Liart (\u00e0 1h) Orbais-l&rsquo;Abbaye (\u00e0 1h) Parfondeval (\u00e0 1h) Parc animalier de Bouillon (\u00e0 1h15) Site du lac des Vieilles Forges (\u00e0 1h20) &hellip; <a href=\"https:\/\/bonnesadressesremoises.fr\/index.php\/se-promener-un-peu-plus-loin\/\">Continuer la lecture <span class=\"meta-nav\">&rarr;<\/span><\/a><\/p>\n","protected":false},"author":2,"featured_media":0,"parent":0,"menu_order":0,"comment_status":"closed","ping_status":"closed","template":"sidebar-page.php","meta":{"footnotes":""},"class_list":["post-6222","page","type-page","status-publish","hentry"],"yoast_head":"<!-- This site is optimized with the Yoast SEO plugin v27.3 - https:\/\/yoast.com\/product\/yoast-seo-wordpress\/ -->\n<title>Se promener un peu plus loin de Reims # Bonnes Adresses<\/title>\n<meta name=\"description\" content=\"D\u00e9couvrir o\u00f9 se promener un peu plus loin de Reims (au moins 1h de route).\" \/>\n<meta name=\"robots\" content=\"index, follow, max-snippet:-1, max-image-preview:large, max-video-preview:-1\" \/>\n<link rel=\"canonical\" href=\"https:\/\/bonnesadressesremoises.fr\/index.php\/se-promener-un-peu-plus-loin\/\" \/>\n<script type=\"application\/ld+json\" class=\"yoast-schema-graph\">{\"@context\":\"https:\\\/\\\/schema.org\",\"@graph\":[{\"@type\":\"WebPage\",\"@id\":\"https:\\\/\\\/bonnesadressesremoises.fr\\\/index.php\\\/se-promener-un-peu-plus-loin\\\/\",\"url\":\"https:\\\/\\\/bonnesadressesremoises.fr\\\/index.php\\\/se-promener-un-peu-plus-loin\\\/\",\"name\":\"Se promener un peu plus loin de Reims # Bonnes Adresses\",\"isPartOf\":{\"@id\":\"https:\\\/\\\/bonnesadressesremoises.fr\\\/#website\"},\"primaryImageOfPage\":{\"@id\":\"https:\\\/\\\/bonnesadressesremoises.fr\\\/index.php\\\/se-promener-un-peu-plus-loin\\\/#primaryimage\"},\"image\":{\"@id\":\"https:\\\/\\\/bonnesadressesremoises.fr\\\/index.php\\\/se-promener-un-peu-plus-loin\\\/#primaryimage\"},\"thumbnailUrl\":\"https:\\\/\\\/bonnesadressesremoises.fr\\\/wp-content\\\/uploads\\\/2015\\\/07\\\/lac-vieilles-forges-3.jpg\",\"datePublished\":\"2014-04-04T19:21:57+00:00\",\"dateModified\":\"2016-04-02T08:14:25+00:00\",\"description\":\"D\u00e9couvrir o\u00f9 se promener un peu plus loin de Reims (au moins 1h de route).\",\"breadcrumb\":{\"@id\":\"https:\\\/\\\/bonnesadressesremoises.fr\\\/index.php\\\/se-promener-un-peu-plus-loin\\\/#breadcrumb\"},\"inLanguage\":\"fr-FR\",\"potentialAction\":[{\"@type\":\"ReadAction\",\"target\":[\"https:\\\/\\\/bonnesadressesremoises.fr\\\/index.php\\\/se-promener-un-peu-plus-loin\\\/\"]}]},{\"@type\":\"ImageObject\",\"inLanguage\":\"fr-FR\",\"@id\":\"https:\\\/\\\/bonnesadressesremoises.fr\\\/index.php\\\/se-promener-un-peu-plus-loin\\\/#primaryimage\",\"url\":\"https:\\\/\\\/bonnesadressesremoises.fr\\\/wp-content\\\/uploads\\\/2015\\\/07\\\/lac-vieilles-forges-3.jpg\",\"contentUrl\":\"https:\\\/\\\/bonnesadressesremoises.fr\\\/wp-content\\\/uploads\\\/2015\\\/07\\\/lac-vieilles-forges-3.jpg\",\"width\":750,\"height\":416,\"caption\":\"P\u00e9dalos, cano\u00ebs, voiles,... activit\u00e9s nautiques sur le lac des Vieilles Forges\"},{\"@type\":\"BreadcrumbList\",\"@id\":\"https:\\\/\\\/bonnesadressesremoises.fr\\\/index.php\\\/se-promener-un-peu-plus-loin\\\/#breadcrumb\",\"itemListElement\":[{\"@type\":\"ListItem\",\"position\":1,\"name\":\"Home\",\"item\":\"https:\\\/\\\/bonnesadressesremoises.fr\\\/\"},{\"@type\":\"ListItem\",\"position\":2,\"name\":\"Se promener un peu plus loin de Reims\"}]},{\"@type\":\"WebSite\",\"@id\":\"https:\\\/\\\/bonnesadressesremoises.fr\\\/#website\",\"url\":\"https:\\\/\\\/bonnesadressesremoises.fr\\\/\",\"name\":\"Bonnes Adresses R\u00e9moises\",\"description\":\"Des bonnes adresses sur Reims!\",\"potentialAction\":[{\"@type\":\"SearchAction\",\"target\":{\"@type\":\"EntryPoint\",\"urlTemplate\":\"https:\\\/\\\/bonnesadressesremoises.fr\\\/?s={search_term_string}\"},\"query-input\":{\"@type\":\"PropertyValueSpecification\",\"valueRequired\":true,\"valueName\":\"search_term_string\"}}],\"inLanguage\":\"fr-FR\"}]}<\/script>\n<!-- \/ Yoast SEO plugin. -->","yoast_head_json":{"title":"Se promener un peu plus loin de Reims # Bonnes Adresses","description":"D\u00e9couvrir o\u00f9 se promener un peu plus loin de Reims (au moins 1h de route).","robots":{"index":"index","follow":"follow","max-snippet":"max-snippet:-1","max-image-preview":"max-image-preview:large","max-video-preview":"max-video-preview:-1"},"canonical":"https:\/\/bonnesadressesremoises.fr\/index.php\/se-promener-un-peu-plus-loin\/","schema":{"@context":"https:\/\/schema.org","@graph":[{"@type":"WebPage","@id":"https:\/\/bonnesadressesremoises.fr\/index.php\/se-promener-un-peu-plus-loin\/","url":"https:\/\/bonnesadressesremoises.fr\/index.php\/se-promener-un-peu-plus-loin\/","name":"Se promener un peu plus loin de Reims # Bonnes Adresses","isPartOf":{"@id":"https:\/\/bonnesadressesremoises.fr\/#website"},"primaryImageOfPage":{"@id":"https:\/\/bonnesadressesremoises.fr\/index.php\/se-promener-un-peu-plus-loin\/#primaryimage"},"image":{"@id":"https:\/\/bonnesadressesremoises.fr\/index.php\/se-promener-un-peu-plus-loin\/#primaryimage"},"thumbnailUrl":"https:\/\/bonnesadressesremoises.fr\/wp-content\/uploads\/2015\/07\/lac-vieilles-forges-3.jpg","datePublished":"2014-04-04T19:21:57+00:00","dateModified":"2016-04-02T08:14:25+00:00","description":"D\u00e9couvrir o\u00f9 se promener un peu plus loin de Reims (au moins 1h de route).","breadcrumb":{"@id":"https:\/\/bonnesadressesremoises.fr\/index.php\/se-promener-un-peu-plus-loin\/#breadcrumb"},"inLanguage":"fr-FR","potentialAction":[{"@type":"ReadAction","target":["https:\/\/bonnesadressesremoises.fr\/index.php\/se-promener-un-peu-plus-loin\/"]}]},{"@type":"ImageObject","inLanguage":"fr-FR","@id":"https:\/\/bonnesadressesremoises.fr\/index.php\/se-promener-un-peu-plus-loin\/#primaryimage","url":"https:\/\/bonnesadressesremoises.fr\/wp-content\/uploads\/2015\/07\/lac-vieilles-forges-3.jpg","contentUrl":"https:\/\/bonnesadressesremoises.fr\/wp-content\/uploads\/2015\/07\/lac-vieilles-forges-3.jpg","width":750,"height":416,"caption":"P\u00e9dalos, cano\u00ebs, voiles,... activit\u00e9s nautiques sur le lac des Vieilles Forges"},{"@type":"BreadcrumbList","@id":"https:\/\/bonnesadressesremoises.fr\/index.php\/se-promener-un-peu-plus-loin\/#breadcrumb","itemListElement":[{"@type":"ListItem","position":1,"name":"Home","item":"https:\/\/bonnesadressesremoises.fr\/"},{"@type":"ListItem","position":2,"name":"Se promener un peu plus loin de Reims"}]},{"@type":"WebSite","@id":"https:\/\/bonnesadressesremoises.fr\/#website","url":"https:\/\/bonnesadressesremoises.fr\/","name":"Bonnes Adresses R\u00e9moises","description":"Des bonnes adresses sur Reims!","potentialAction":[{"@type":"SearchAction","target":{"@type":"EntryPoint","urlTemplate":"https:\/\/bonnesadressesremoises.fr\/?s={search_term_string}"},"query-input":{"@type":"PropertyValueSpecification","valueRequired":true,"valueName":"search_term_string"}}],"inLanguage":"fr-FR"}]}},"_links":{"self":[{"href":"https:\/\/bonnesadressesremoises.fr\/index.php\/wp-json\/wp\/v2\/pages\/6222","targetHints":{"allow":["GET"]}}],"collection":[{"href":"https:\/\/bonnesadressesremoises.fr\/index.php\/wp-json\/wp\/v2\/pages"}],"about":[{"href":"https:\/\/bonnesadressesremoises.fr\/index.php\/wp-json\/wp\/v2\/types\/page"}],"author":[{"embeddable":true,"href":"https:\/\/bonnesadressesremoises.fr\/index.php\/wp-json\/wp\/v2\/users\/2"}],"replies":[{"embeddable":true,"href":"https:\/\/bonnesadressesremoises.fr\/index.php\/wp-json\/wp\/v2\/comments?post=6222"}],"version-history":[{"count":0,"href":"https:\/\/bonnesadressesremoises.fr\/index.php\/wp-json\/wp\/v2\/pages\/6222\/revisions"}],"wp:attachment":[{"href":"https:\/\/bonnesadressesremoises.fr\/index.php\/wp-json\/wp\/v2\/media?parent=6222"}],"curies":[{"name":"wp","href":"https:\/\/api.w.org\/{rel}","templated":true}]}}